{"id":182,"date":"2017-07-14T10:30:06","date_gmt":"2017-07-14T10:30:06","guid":{"rendered":"http:\/\/agosep.org.pe\/?page_id=182"},"modified":"2017-07-14T10:30:06","modified_gmt":"2017-07-14T10:30:06","slug":"reglamento-hcp","status":"publish","type":"page","link":"https:\/\/agosep.org.pe\/index.php\/reglamento-hcp\/","title":{"rendered":"Reglamento HCP"},"content":{"rendered":"<p style=\"text-align: center;\"><strong><span style=\"font-family: arial;\">NUEVO REGLAMENTO DE AJUSTES DE HANDICAPS <\/span><\/strong><\/p>\n<p><span style=\"font-family: arial;\">El Consejo Directivo en su sesi\u00f3n del 13 de Junio del 2011, aprob\u00f3 el nuevo REGLAMENTO DE AJUSTE DE HANDICAPS, con el objetivo de hacer m\u00e1s equilibrada la competencia de los torneos mensuales de la Asociaci\u00f3n y darles una mayor oportunidad a los Asociados para que sean merecedores de premios.<br \/>\nEl reglamento consta de los siguientes art\u00edculos:<\/span><\/p>\n<p><b>Articulo 1.-<\/b> <span style=\"font-family: arial;\">El ajuste ser\u00e1 sobre el \u00edndice mensual del jugador y no sobre el h\u00e1ndicap con que jug\u00f3. Esto permite determinar el nuevo h\u00e1ndicap seg\u00fan las tablas de conversi\u00f3n en las diferentes canchas y adem\u00e1s incorporar la evoluci\u00f3n del juego en el tiempo, del jugador ajustado.<\/span><\/p>\n<p><b>Articulo 2.-<\/b> <span style=\"font-family: arial;\">Seg\u00fan el score excepcional que hizo en un torneo, al Asociado se le recalculara su \u00edndice, reemplazado tantas tarjetas de las diez seleccionadas por la FPG para determinar su \u00edndice oficial, en el mes que nuevamente participe el jugador. El n\u00famero de tarjetas a reemplazar son las indicadas en la tabla A, anexa a este reglamento.<\/span><\/p>\n<p><span style=\"font-family: arial;\">La cantidad de tarjetas que se aplicaran son adicionales a la tarjeta que se ingresa al sistema de h\u00e1ndicap de la FPG.<\/span><\/p>\n<p><b>Articulo 3.-<\/b> <span style=\"font-family: arial;\">Este procedimiento se repite cada vez que el Asociado participe en un nuevo torneo, hasta completar el n\u00famero de torneos indicados en la tabla A.<\/span><\/p>\n<p><b>Articulo 4.-<\/b> <span style=\"font-family: arial;\">Prevalecer\u00e1 el \u00edndice de la FPG, si este es menor que el \u00edndice ajustado. En este caso, si el Asociado juega el torneo, este se contabilizara para el recuento de los torneos a ser ajustados.<\/span><\/p>\n<p><b>Articulo 5.-<\/b> <span style=\"font-family: arial;\">Si durante el periodo de ajuste, un Asociado nuevamente hace un score excepcional, se volver\u00e1 ajustar su \u00edndice con el procedimiento establecido, aplicando este nuevo ajuste al n\u00famero de torneos de la tabla A y no tomando en consideraci\u00f3n la cantidad de torneos que hab\u00eda cumplido con su anterior ajuste.<\/span><\/p>\n<p><b>Articulo 6.-<\/b> <span style=\"font-family: arial;\">Los Asociados que jueguen la modalidad stableford y que no hayan anotado en uno o m\u00e1s hoyos su score, se le completara su tarjeta, con el valor neto, seg\u00fan el h\u00e1ndicap con jugo y considerando los strokes o dificultades del o de los hoyos faltantes.<\/span><\/p>\n<p><b>Articulo 7.-<\/b> <span style=\"font-family: arial;\">Adicionalmente y antes de calcular el ajuste, la tarjeta de los jugadores con score excepcional, se modificara en aquellos hoyos que haya hecho un valor por sobre lo razonable, seg\u00fan lo indicado en la tabla B, anexa a esta reglamento.<\/span><\/p>\n<p><b>Articulo 8.-<\/b> <span style=\"font-family: arial;\">No se aplica ajuste a los Asociados con h\u00e1ndicap de una cifra.<\/span><\/p>\n<p><b>Articulo 9.-<\/b> <span style=\"font-family: arial;\">El ajuste no es apelable.<\/span><\/p>\n<p><b>Art\u00edculo Transitorio.-<\/b> <span style=\"font-family: arial;\">Para los Asociados que tienen ajustes pendientes en el antiguo sistema, se les aplicara el ajuste de \u00edndice dado por este reglamento, pero la cantidad de torneos aplicar ser\u00e1 por los torneos que tienen pendientes.<\/span><\/p>\n<div style=\"color: black;\" align=\"center\"><b><u>Tabla para Ajustes de<br \/>\nHandicaps<\/u><\/b><\/div>\n<p style=\"text-align: center;\"><b style=\"color: black;\"><u>Tabla A<\/u><\/b><\/p>\n<p style=\"text-align: center;\">\n<table id=\"tablepress-3\" class=\"tablepress tablepress-id-3\">\n<thead>\n<tr class=\"row-1 odd\">\n\t<th class=\"column-1\"><\/th><th class=\"column-2\">Score Excepcional<\/th><th class=\"column-3\">Cantidad de tarjetas que se reemplazan<\/th><th class=\"column-4\">N\u00famero de torneos de ajuste<\/th>\n<\/tr>\n<\/thead>\n<tbody class=\"row-hover\">\n<tr class=\"row-2 even\">\n\t<td class=\"column-1\"><\/td><td class=\"column-2\">70<\/td><td class=\"column-3\">1<\/td><td class=\"column-4\">3<\/td>\n<\/tr>\n<tr class=\"row-3 odd\">\n\t<td class=\"column-1\"><\/td><td class=\"column-2\">69<\/td><td class=\"column-3\">2<\/td><td class=\"column-4\">3<\/td>\n<\/tr>\n<tr class=\"row-4 even\">\n\t<td class=\"column-1\"><\/td><td class=\"column-2\">68<\/td><td class=\"column-3\">3<\/td><td class=\"column-4\">3<\/td>\n<\/tr>\n<tr class=\"row-5 odd\">\n\t<td class=\"column-1\"><\/td><td class=\"column-2\">67<\/td><td class=\"column-3\">4<\/td><td class=\"column-4\">4<\/td>\n<\/tr>\n<tr class=\"row-6 even\">\n\t<td class=\"column-1\"><\/td><td class=\"column-2\">66<\/td><td class=\"column-3\">5<\/td><td class=\"column-4\">4<\/td>\n<\/tr>\n<tr class=\"row-7 odd\">\n\t<td class=\"column-1\"><\/td><td class=\"column-2\">65<\/td><td class=\"column-3\">6<\/td><td class=\"column-4\">4<\/td>\n<\/tr>\n<tr class=\"row-8 even\">\n\t<td class=\"column-1\"><\/td><td class=\"column-2\">64<\/td><td class=\"column-3\">7<\/td><td class=\"column-4\">5<\/td>\n<\/tr>\n<tr class=\"row-9 odd\">\n\t<td class=\"column-1\"><\/td><td class=\"column-2\">63<\/td><td class=\"column-3\">8<\/td><td class=\"column-4\">5<\/td>\n<\/tr>\n<tr class=\"row-10 even\">\n\t<td class=\"column-1\"><\/td><td class=\"column-2\">62 en adelante<\/td><td class=\"column-3\">9<\/td><td class=\"column-4\">5<\/td>\n<\/tr>\n<\/tbody>\n<\/table>\n<!-- #tablepress-3 from cache --><\/p>\n<p style=\"text-align: center;\"><b><u>Tabla B<\/u><\/b><\/p>\n<p style=\"text-align: center;\">M\u00e1ximo numero de golpes permitidos en cada hoyo<\/p>\n<p style=\"text-align: center;\">\n<table id=\"tablepress-4\" class=\"tablepress tablepress-id-4\">\n<thead>\n<tr class=\"row-1 odd\">\n\t<th class=\"column-1\"><\/th><th class=\"column-2\">HANDICAP<\/th><th class=\"column-3\">M\u00e1ximo numero de golpes por hoyo<\/th>\n<\/tr>\n<\/thead>\n<tbody class=\"row-hover\">\n<tr class=\"row-2 even\">\n\t<td class=\"column-1\"><\/td><td class=\"column-2\">00-19<\/td><td class=\"column-3\">7<\/td>\n<\/tr>\n<tr class=\"row-3 odd\">\n\t<td class=\"column-1\"><\/td><td class=\"column-2\">20-29<\/td><td class=\"column-3\">8<\/td>\n<\/tr>\n<tr class=\"row-4 even\">\n\t<td class=\"column-1\"><\/td><td class=\"column-2\">30-39<\/td><td class=\"column-3\">9<\/td>\n<\/tr>\n<tr class=\"row-5 odd\">\n\t<td class=\"column-1\"><\/td><td class=\"column-2\">40 a mas<\/td><td class=\"column-3\">10<\/td>\n<\/tr>\n<\/tbody>\n<\/table>\n<!-- #tablepress-4 from cache --><\/p>\n<p style=\"text-align: right; color: black;\">Comisi\u00f3n de Torneos<br \/>\nAGOSEP<\/p>\n","protected":false},"excerpt":{"rendered":"<p>NUEVO REGLAMENTO DE AJUSTES DE HANDICAPS El Consejo Directivo en su sesi\u00f3n del 13 de Junio del 2011, aprob\u00f3 el nuevo REGLAMENTO [&hellip;]<\/p>\n","protected":false},"author":1,"featured_media":0,"parent":0,"menu_order":0,"comment_status":"closed","ping_status":"closed","template":"","meta":{"footnotes":""},"_links":{"self":[{"href":"https:\/\/agosep.org.pe\/index.php\/wp-json\/wp\/v2\/pages\/182"}],"collection":[{"href":"https:\/\/agosep.org.pe\/index.php\/wp-json\/wp\/v2\/pages"}],"about":[{"href":"https:\/\/agosep.org.pe\/index.php\/wp-json\/wp\/v2\/types\/page"}],"author":[{"embeddable":true,"href":"https:\/\/agosep.org.pe\/index.php\/wp-json\/wp\/v2\/users\/1"}],"replies":[{"embeddable":true,"href":"https:\/\/agosep.org.pe\/index.php\/wp-json\/wp\/v2\/comments?post=182"}],"version-history":[{"count":1,"href":"https:\/\/agosep.org.pe\/index.php\/wp-json\/wp\/v2\/pages\/182\/revisions"}],"predecessor-version":[{"id":183,"href":"https:\/\/agosep.org.pe\/index.php\/wp-json\/wp\/v2\/pages\/182\/revisions\/183"}],"wp:attachment":[{"href":"https:\/\/agosep.org.pe\/index.php\/wp-json\/wp\/v2\/media?parent=182"}],"curies":[{"name":"wp","href":"https:\/\/api.w.org\/{rel}","templated":true}]}}